s 460997015 a prime number?
False
Is 446381963 a composite number?
True
Is 108638887 prime?
False
Is 50678216461 composite?
False
Is 637526363 prime?
True
Is 1345968313 composite?
False
Is 1404922537 a prime number?
False
Is 64084157 composite?
True
Is 6414559693 a composite number?
False
Is 20601300469 a prime number?
True
Is 1389198453 composite?
True
Is 2018509549 a prime number?
False
Is 11312598749 composite?
False
Is 2057984233 a composite number?
True
Is 1055978977 composite?
False
Is 3315390305 prime?
False
Is 9273459157 a composite number?
False
Is 33325379 a composite number?
True
Is 260723885 prime?
False
Is 26073358379 composite?
True
Is 6897602069 a prime number?
True
Is 228095339 prime?
False
Is 40036382927 composite?
False
Is 293154223 composite?
True
Is 656496967 composite?
True
Is 10793942751 a composite number?
True
Is 61050034787 a prime number?
False
Is 1064888911 a prime number?
True
Is 128623279 a composite number?
True
Is 1177769947 a prime number?
False
Is 245657177 composite?
True
Is 17528620289 composite?
True
Is 2664003157 a prime number?
True
Is 10351178813 composite?
True
Is 40921238621 a composite number?
False
Is 16860955493 a composite number?
False
Is 1067685747 prime?
False
Is 264628709 a composite number?
True
Is 74337449881 a prime number?
True
Is 3374058679 composite?
True
Is 11537708107 a prime number?
False
Is 247694509 prime?
False
Is 9607182061 prime?
True
Is 24206037679 composite?
True
Is 102799339 a composite number?
True
Is 17722777351 composite?
True
Is 899754841 prime?
False
Is 29791777699 prime?
True
Is 2718464659 composite?
False
Is 390284743 prime?
False
Is 3233287907 prime?
False
Is 102654297737 composite?
False
Is 144668723659 prime?
True
Is 37363279 composite?
False
Is 9092596481 a prime number?
True
Is 1868638413 a prime number?
False
Is 6124470137 composite?
False
Is 28151813603 a composite number?
False
Is 1984437031 a composite number?
True
Is 140541547 a composite number?
False
Is 11594290963 a composite number?
False
Is 6618142369 a prime number?
False
Is 15351873983 a prime number?
True
Is 39315234311 prime?
True
Is 3622127 a prime number?
False
Is 53667065041 a prime number?
True
Is 7862970161 a composite number?
False
Is 10615898737 composite?
False
Is 5064421073 a prime number?
False
Is 74707513 a prime number?
True
Is 72117613501 a prime number?
True
Is 391668731 a composite number?
True
Is 1588199549 prime?
True
Is 9428905985 a prime number?
False
Is 28341498863 a prime number?
False
Is 625370839429 prime?
False
Is 9588675463 a prime number?
True
Is 4136324221 composite?
True
Is 14496108623 prime?
False
Is 1591631623 a composite number?
False
Is 63341842931 prime?
True
Is 2305925123 prime?
False
Is 3651909809 prime?
True
Is 876635213 a prime number?
True
Is 877694845 composite?
True
Is 30578389 a composite number?
False
Is 476957857 a composite number?
False
Is 109003483 a prime number?
False
Is 922353017 a composite number?
False
Is 25331285249 prime?
False
Is 6215597977 prime?
True
Is 27585287537 a composite number?
False
Is 8918816693 a composite number?
False
Is 10518274243 prime?
False
Is 81781289 prime?
True
Is 1345350313 a prime number?
True
Is 90779406079 a prime number?
True
Is 25043609473 composite?
False
Is 2300575903 a prime number?
True
Is 1011298637 a composite number?
True
Is 2475633337 a composite number?
False
Is 7375273 prime?
True
Is 9766947857 composite?
False
Is 22873117082 composite?
True
Is 30105481981 composite?
True
Is 16632499217 composite?
True
Is 369514409 prime?
False
Is 137565121 composite?
True
Is 1942309927 a prime number?
False
Is 5954990707 prime?
False
Is 6897254981 a composite number?
False
Is 563287849 composite?
True
Is 146948482 prime?
False
Is 65409014579 a composite number?
True
Is 840621341 a prime number?
False
Is 3757860247 a composite number?
False
Is 129326830811 composite?
True
Is 46328612639 composite?
False
Is 5143402489 a composite number?
False
Is 14231944327 composite?
False
Is 5870741617 a prime number?
False
Is 13508754799 composite?
True
Is 158172979 a prime number?
False
Is 1908270713 composite?
True
Is 1419347383 a prime number?
False
Is 7402726759 composite?
False
Is 13434476423 a prime number?
False
Is 83756447 prime?
True
Is 15564205829 a prime number?
False
Is 4032097051 a prime number?
False
Is 1317021631 a composite number?
True
Is 498013601 a prime number?
False
Is 17198947 composite?
False
Is 954397601 composite?
False
Is 237489709 a composite number?
False
Is 14548951853 a prime number?
False
Is 17542393 composite?
True
Is 5790004799 composite?
False
Is 2474784947 prime?
True
Is 1901341577 a composite number?
True
Is 2518125829 prime?
False
Is 3579994729 prime?
True
Is 18125505154 composite?
True
Is 559768679 prime?
True
Is 8367035387 a composite number?
True
Is 436446209 a composite number?
False
Is 1288195823 composite?
False
Is 3456734773 a composite number?
False
Is 18131192449 composite?
True
Is 3138689791 composite?
True
Is 1453415723 a composite number?
False
Is 33643802053 a prime number?
True
Is 300728627 a prime number?
False
Is 117165343907 prime?
True
Is 1190950367 composite?
True
Is 258068711 a composite number?
False
Is 2869521635 composite?
True
Is 6642291241 composite?
False
Is 368463803 prime?
False
Is 1128961727 composite?
True
Is 1249666211 composite?
False
Is 229909901 composite?
True
Is 20652040529 prime?
True
Is 3244223597 prime?
False
Is 65145330442 prime?
False
Is 1943410759 a composite number?
False
Is 20987610403 a prime number?
True
Is 103239581 composite?
False
Is 795248039 prime?
True
Is 3127000651 a composite number?
False
Is 677214161 a prime number?
False
Is 7817521739 a prime number?
True
Is 8771833729 composite?
False
Is 35872306961 composite?
False
Is 245539410349 prime?
False
Is 50261670481 a prime number?
False
Is 1013233519 composite?
False
Is 42390727 a composite number?
False
Is 11218201121 a prime number?
True
Is 7940770891 composite?
False
Is 8397944579 a composite number?
True
Is 364893941 a composite number?
False
Is 100938947 prime?
True
Is 20790055967 composite?
True
Is 15059596967 prime?
False
Is 5780725909 composite?
True
Is 11313067859 composite?
False
Is 70823832929 a composite number?
True
Is 254029801 a composite number?
True
Is 49001371877 a composite number?
True
Is 1059672797 composite?
True
Is 63719114905 prime?
False
Is 38585459701 a prime number?
True
Is 1344558167 a prime number?
True
Is 65631239413 prime?
True
Is 115047811657 composite?
False
Is 19735870727 a composite number?
True
Is 816720173 a composite number?
True
Is 551099253 prime?
False
Is 15843779317 a composite number?
False
Is 3048461597 a prime number?
True
Is 105304427 prime?
False
Is 1074391621 a composite number?
False
Is 893431271 prime?
True
Is 610489403 composite?
True
Is 8442088793 a prime number?
True
Is 186872759 prime?
True
Is 344132665 a composite number?
True
Is 75819532267 a composite number?
False
Is 11133640477 a prime number?
True
Is 547433443 a prime number?
False
Is 5261311501 prime?
False
Is 3038769197 a composite number?
True
Is 804350413 composite?
False
Is 4716731405 prime?
False
Is 612287743 a composite number?
True
Is 5244740539 a composite number?
True
Is 8861032483 a composite number?
False
Is 141788747 prime?
True
Is 16072108257 prime?
False
Is 67561577 prime?
True
Is 4665982961 a prime number?
True
Is 622705637 composite?
False
Is 27819185831 a prime number?
True
Is 305101849 composite?
True
Is 19043373569 a prime number?
False
Is 1362288269 composite?
False
Is 2245487149 a prime number?
False
Is 57944507 a composite number?
False
Is 1539459827 a composite number?
False
Is 174784281343 prime?
False
Is 1382561009 a prime number?
False
Is 3826798091 prime?
True
Is 133722954977 prime?
False
Is 4232353402 composite?
True
Is 11187982747 prime?
True
Is 8784032441 prime?
False
Is 3086755253 prime?
False
Is 1746559891 a composite number?
False
Is 2396476469 a prime number?
False
Is 114411729021 prime?
False
Is 44246429167 a prime number?
False
Is 6704736617 prime?
False
Is 1088323577 a prime number?
False
Is 98862084877 composite?
False
Is 4638001 a prime number?
True
Is 6390810059 prime?
True
Is 3427921857 a prime number?
False
Is 18940173782 prime?
False
Is 15402982421